ors of 2653142.
2, 23, 137, 421
What are the prime factors of 4241894?
2, 2120947
List the prime factors of 12193084.
2, 3048271
What are the prime factors of 454063?
454063
List the prime factors of 1799532.
2, 3, 7, 37, 193
List the prime factors of 8539097.
7, 1219871
List the prime factors of 211646.
2, 23, 43, 107
What are the prime factors of 5014251?
3, 11, 16883
What are the prime factors of 234034?
2, 117017
What are the prime factors of 3086329?
31, 99559
List the prime factors of 2554466.
2, 1277233
What are the prime factors of 30761061?
3, 10253687
What are the prime factors of 1696749?
3, 565583
What are the prime factors of 1765877?
1765877
List the prime factors of 12428225.
5, 563, 883
What are the prime factors of 175424?
2, 2741
List the prime factors of 10191835.
5, 37, 89, 619
List the prime factors of 2172143.
23, 94441
What are the prime factors of 2982702?
2, 3, 497117
List the prime factors of 2148601.
7, 13, 3373
What are the prime factors of 103900?
2, 5, 1039
What are the prime factors of 278482?
2, 139241
List the prime factors of 3279641.
3279641
What are the prime factors of 126346?
2, 11, 5743
List the prime factors of 5629986.
2, 3, 23, 1511
What are the prime factors of 18846301?
3767, 5003
List the prime factors of 7976596.
2, 1049, 1901
What are the prime factors of 9310602?
2, 3, 7, 31, 7151
List the prime factors of 447271.
11, 73, 557
List the prime factors of 1202655.
3, 5, 80177
List the prime factors of 129288.
2, 3, 5387
What are the prime factors of 3865211?
7, 193, 2861
List the prime factors of 7162458.
2, 3, 1193743
List the prime factors of 95802.
2, 3, 7, 2281
What are the prime factors of 3453173?
37, 93329
List the prime factors of 2795545.
5, 181, 3089
What are the prime factors of 74780?
2, 5, 3739
List the prime factors of 11546404.
2, 1699
What are the prime factors of 2979647?
11, 37, 7321
List the prime factors of 122855.
5, 24571
What are the prime factors of 5673779?
73, 77723
List the prime factors of 877700.
2, 5, 67, 131
List the prime factors of 166183.
166183
List the prime factors of 341462.
2, 11, 17, 83
What are the prime factors of 70813?
19, 3727
What are the prime factors of 143583?
3, 11, 19, 229
List the prime factors of 159045.
3, 5, 23, 461
What are the prime factors of 18723577?
18723577
List the prime factors of 3970557.
3, 89, 4957
What are the prime factors of 18538815?
3, 5, 61, 20261
What are the prime factors of 593926?
2, 41, 7243
List the prime factors of 176799.
3, 7, 8419
List the prime factors of 1142860.
2, 5, 57143
List the prime factors of 1943914.
2, 7, 23, 6037
List the prime factors of 5980352.
2, 7, 1907
List the prime factors of 826258.
2, 413129
What are the prime factors of 32210729?
32210729
List the prime factors of 721297.
19, 37963
List the prime factors of 1601207.
1601207
List the prime factors of 280459.
19, 29, 509
List the prime factors of 762608.
2, 7, 11, 619
List the prime factors of 169788.
2, 3, 14149
What are the prime factors of 4492286?
2, 2246143
List the prime factors of 328812.
2, 3, 11, 47, 53
List the prime factors of 1500681.
3, 7, 13, 23, 239
List the prime factors of 555639.
3, 7, 26459
What are the prime factors of 22213064?
2, 1013, 2741
List the prime factors of 382753.
7, 54679
List the prime factors of 22527185.
5, 4505437
List the prime factors of 1079578.
2, 61, 8849
What are the prime factors of 300724?
2, 75181
What are the prime factors of 1835000?
2, 5, 367
What are the prime factors of 33518229?
3, 29, 385267
List the prime factors of 5259175.
5, 211, 997
What are the prime factors of 578529?
3, 7, 3061
List the prime factors of 6944448.
2, 3, 7, 5167
What are the prime factors of 32727?
3, 10909
What are the prime factors of 1792690?
2, 5, 179269
List the prime factors of 1476901.
173, 8537
List the prime factors of 760616.
2, 31, 3067
What are the prime factors of 877619?
877619
What are the prime factors of 22755799?
11, 2068709
What are the prime factors of 396029?
396029
What are the prime factors of 40625?
5, 13
What are the prime factors of 187109?
13, 37, 389
List the prime factors of 1173346.
2, 71, 8263
What are the prime factors of 5664406?
2, 11, 257473
List the prime factors of 1295795.
5, 259159
List the prime factors of 6289906.
2, 7, 83, 5413
What are the prime factors of 2204106?
2, 3, 211, 1741
What are the prime factors of 34061878?
2, 17030939
List the prime factors of 261325.
5, 10453
List the prime factors of 480367.
480367
List the prime factors of 687650.
2, 5, 17, 809
What are the prime factors of 571643?
293, 1951
List the prime factors of 11906881.
7, 1700983
List the prime factors of 469455.
3, 5, 7, 17, 263
What are the prime factors of 8179326?
2, 3, 167, 907
What are the prime factors of 579590?
2, 5, 11, 479
List the prime factors of 7892320.
2, 5, 107, 461
What are the prime factors of 528307?
13, 40639
List the prime factors of 3404118.
2, 3, 97, 5849
List the prime factors of 201500.
2, 5, 13, 31
List the prime factors of 2627778.
2, 3, 191, 2293
List the prime factors of 35337471.
3, 13, 906089
What are the prime factors of 5612132?
2, 281, 4993
List the prime factors of 2130347.
2130347
List the prime factors of 188684.
2, 43, 1097
List the prime factors of 155138.
2, 77569
List the prime factors of 1690362.
2, 3, 23, 1361
What are the prime factors of 14326689?
3, 13, 211, 1741
What are the prime factors of 5042969?
5042969
What are the prime factors of 28539116?
2, 41, 174019
List the prime factors of 2071989.
3, 230221
List the prime factors of 196320.
2, 3, 5, 409
What are the prime factors of 6053573?
233, 25981
What are the prime factors of 6022102?
2, 3011051
List the prime factors of 229686.
2, 3, 38281
What are the prime factors of 618576?
2, 3, 7, 263
List the prime factors of 33491794.
2, 7, 19, 17987
What are the prime factors of 2465982?
2, 3, 136999
List the prime factors of 1081023.
3, 23, 15667
List the prime factors of 58095.
3, 5, 1291
List the prime factors of 13994581.
521, 26861
What are the prime factors of 11158074?
2, 3, 2551
What are the prime factors of 23401?
7, 3343
List the prime factors of 621329.
59, 10531
List the prime factors of 3078738.
2, 3, 13, 59, 223
List the prime factors of 39651.
3, 13217
What are the prime factors of 75586?
2, 7, 5399
List the prime factors of 107310.
2, 3, 5, 7, 73
List the prime factors of 114496.
2, 1789
List the prime factors of 350340.
2, 3, 5, 5839
List the prime factors of 30969535.
5, 29, 137, 1559
List the prime factors of 652945.
5, 130589
What are the prime factors of 56851?
139, 409
List the prime factors of 5729104.
2, 358069
What are the prime factors of 117121?
173, 677
List the prime factors of 1571754.
2, 3, 261959
What are the prime factors of 1123424?
2, 35107
What are the prime factors of 11471559?
3, 11, 29, 11987
What are the prime factors of 6902756?
2, 7, 246527
What are the prime factors of 374894?
2, 13, 14419
What are the prime factors of 23716195?
5, 79, 60041
What are the prime factors of 170166?
2, 3, 79, 359
What are the prime factors of 6165833?
6165833
What are the prime factors of 4879053?
3, 542117
What are the prime factors of 19241744?
2, 1202609
What are the prime factors of 1243949?
7, 19, 47, 199
List the prime factors of 664289.
664289
List the prime factors of 10589196.
2, 3, 882433
List the prime factors of 41617.
41617
What are the prime factors of 7684601?
1103, 6967
What are the prime factors of 7763908?
2, 43, 45139
List the prime factors of 1196719.
1196719
List the prime factors of 376393.
376393
What are the prime factors of 40221?
3, 41, 109
What are the prime factors of 18615029?
18615029
What are the prime factors of 11574932?
2, 37, 197, 397
What are the prime factors of 7881219?
3, 19, 569
List the prime factors of 94982.
2, 47491
What are the prime factors of 13216688?
2, 67, 12329
What are the prime factors of 209592?
2, 3, 41, 71
What are the prime factors of 1847824?
2, 11, 10499
What are the prime factors of 7252785?
3, 5, 53, 3041
What are the prime factors of 13457674?
2, 6728837
What are the prime factors of 15927702?
2, 3, 7, 601, 631
What are the prime factors of 626975?
5, 31, 809
What are the prime factors of 611422?
2, 7, 17, 367
What are the pri